en 16910 is divided by 348.
206
Calculate the remainder when 9362 is divided by 400.
162
What is the remainder when 1379523 is divided by 15328?
3
Calculate the remainder when 87138 is divided by 13.
12
What is the remainder when 2438 is divided by 69?
23
Calculate the remainder when 7678 is divided by 293.
60
Calculate the remainder when 6732 is divided by 1375.
1232
Calculate the remainder when 16391 is divided by 3264.
71
What is the remainder when 10620 is divided by 723?
498
What is the remainder when 1374 is divided by 264?
54
What is the remainder when 64396 is divided by 1651?
7
Calculate the remainder when 46876 is divided by 15545.
241
What is the remainder when 468219 is divided by 164?
163
Calculate the remainder when 34518 is divided by 20.
18
Calculate the remainder when 1007022 is divided by 233.
229
What is the remainder when 5791 is divided by 580?
571
What is the remainder when 1077 is divided by 618?
459
Calculate the remainder when 38938 is divided by 17.
8
What is the remainder when 36677 is divided by 360?
317
Calculate the remainder when 7430 is divided by 2473.
11
Calculate the remainder when 23592 is divided by 55.
52
What is the remainder when 287167 is divided by 137?
15
What is the remainder when 1718 is divided by 34?
18
What is the remainder when 1264 is divided by 324?
292
Calculate the remainder when 11544 is divided by 482.
458
What is the remainder when 17041 is divided by 3333?
376
Calculate the remainder when 7073357 is divided by 119.
116
Calculate the remainder when 11933 is divided by 763.
488
What is the remainder when 6879 is divided by 222?
219
Calculate the remainder when 12716 is divided by 79.
76
Calculate the remainder when 3114 is divided by 220.
34
What is the remainder when 8934 is divided by 808?
46
Calculate the remainder when 8036 is divided by 11.
6
What is the remainder when 33133 is divided by 691?
656
What is the remainder when 15749 is divided by 110?
19
What is the remainder when 5518 is divided by 500?
18
Calculate the remainder when 63989 is divided by 54.
53
Calculate the remainder when 7394 is divided by 839.
682
Calculate the remainder when 23369 is divided by 63.
59
What is the remainder when 23696 is divided by 4716?
116
What is the remainder when 2545 is divided by 2534?
11
What is the remainder when 3865 is divided by 25?
15
What is the remainder when 1107625 is divided by 193?
191
Calculate the remainder when 54526 is divided by 384.
382
What is the remainder when 3064 is divided by 38?
24
Calculate the remainder when 341589 is divided by 51.
42
What is the remainder when 27989 is divided by 622?
621
Calculate the remainder when 4397 is divided by 13.
3
Calculate the remainder when 48170 is divided by 24083.
4
What is the remainder when 39706 is divided by 59?
58
What is the remainder when 1989 is divided by 652?
33
What is the remainder when 4793 is divided by 1272?
977
What is the remainder when 3718 is divided by 802?
510
Calculate the remainder when 28387 is divided by 285.
172
Calculate the remainder when 8968 is divided by 150.
118
What is the remainder when 18262 is divided by 1130?
182
What is the remainder when 17254 is divided by 249?
73
What is the remainder when 9023156 is divided by 17?
15
Calculate the remainder when 67684 is divided by 174.
172
What is the remainder when 6730 is divided by 23?
14
Calculate the remainder when 379257 is divided by 47.
14
Calculate the remainder when 27392 is divided by 27392.
0
Calculate the remainder when 682657 is divided by 580.
577
What is the remainder when 2545 is divided by 176?
81
Calculate the remainder when 1291 is divided by 434.
423
What is the remainder when 5528 is divided by 30?
8
Calculate the remainder when 1716 is divided by 150.
66
Calculate the remainder when 1664 is divided by 414.
8
Calculate the remainder when 17397 is divided by 5.
2
What is the remainder when 8542905 is divided by 198?
195
What is the remainder when 3533 is divided by 273?
257
What is the remainder when 49343 is divided by 337?
141
Calculate the remainder when 133504 is divided by 202.
184
Calculate the remainder when 3069 is divided by 176.
77
Calculate the remainder when 1860269 is divided by 71.
69
What is the remainder when 2814 is divided by 188?
182
Calculate the remainder when 475266 is divided by 4.
2
What is the remainder when 20375 is divided by 6762?
89
What is the remainder when 153490 is divided by 919?
17
What is the remainder when 5658 is divided by 14?
2
What is the remainder when 178831 is divided by 12?
7
Calculate the remainder when 189944 is divided by 23740.
24
What is the remainder when 20070 is divided by 2226?
36
Calculate the remainder when 56247 is divided by 79.
78
What is the remainder when 33049 is divided by 121?
16
Calculate the remainder when 10665 is divided by 10004.
661
Calculate the remainder when 174433 is divided by 402.
367
Calculate the remainder when 130099 is divided by 1142.
1053
Calculate the remainder when 437541 is divided by 103.
100
Calculate the remainder when 326848 is divided by 50.
48
Calculate the remainder when 7557 is divided by 18.
15
Calculate the remainder when 45278 is divided by 1415.
1413
Calculate the remainder when 218816 is divided by 142.
136
What is the remainder when 382273 is divided by 191114?
45
Calculate the remainder when 1587 is divided by 555.
477
Calculate the remainder when 149860 is divided by 446.
4
Calculate the remainder when 1994 is divided by 307.
152
What is the remainder when 4707 is divided by 81?
9
Calculate the remainder when 16319 is divided by 3242.
109
Calculate the remainder when 1128502 is divided by 564233.
36
Calculate the remainder when 20086 is divided by 20.
6
Calculate the remainder when 299387 is divided by 183.
182
What is the remainder when 6532 is divided by 434?
22
What is the remainder when 33537 is divided by 11165?
42
Calculate the remainder when 22277 is divided by 5563.
25
Calculate the remainder when 41730 is divided by 93.
66
What is the remainder when 110437 is divided by 686?
677
Calculate the remainder when 13521 is divided by 4.
1
What is the remainder when 1155040 is divided by 28?
12
Calculate the remainder when 5643028 is divided by 685.
683
Calculate the remainder when 365 is divided by 25.
15
Calculate the remainder when 42996 is divided by 21483.
30
Calculate the remainder when 94550 is divided by 1576.
1566
What is the remainder when 42020 is divided by 14004?
8
Calculate the remainder when 26512 is divided by 390.
382
Calculate the remainder when 5776 is divided by 208.
160
Calculate the remainder when 119599 is divided by 40.
39
Calculate the remainder when 16719 is divided by 94.
81
Calculate the remainder when 20799 is divided by 433.
15
Calculate the remainder when 257378 is divided by 572.
550
What is the remainder when 22709 is divided by 82?
77
What is the remainder when 11163 is divided by 2779?
47
What is the remainder when 83242 is divided by 135?
82
Calculate the remainder when 16234 is divided by 164.
162
What is the remainder when 13194 is divided by 155?
19
What is the remainder when 3115 is divided by 874?
493
What is the remainder when 26543 is divided by 7?
6
What is the remainder when 195700 is divided by 48922?
12
What is the remainder when 7546 is divided by 120?
106
Calculate the remainder when 1764 is divided by 77.
70
What is the remainder when 36971 is divided by 12318?
17
What is the remainder when 439628 is divided by 204?
8
What is the remainder when 75205 is divided by 230?
225
What is the remainder when 15547 is divided by 23?
22
Calculate the remainder when 33801 is divided by 8443.
29
What is the remainder when 2231 is divided by 2225?
6
What is the remainder when 9153 is divided by 1150?
1103
What is the remainder when 1536 is divided by 448?
192
What is the remainder when 12438 is divided by 354?
48
Calculate the remainder when 286 is divided by 269.
17
What is the remainder when 22875 is divided by 440?
435
Calculate the remainder when 292256 is divided by 45.
26
Calculate the remainder when 181 is divided by 11.
5
What is the remainder when 87024 is divided by 106?
104
Calculate the remainder when 4766 is divided by 295.
46
What is the remainder when 180509 is divided by 180495?
1